NOAA-style Climate Reports

Select a Year or Month report

Report for 2022 Aug
                   Monthly Climatological Summary for Aug 2022

Name: Waikawa Beach Weather   City: Waikawa Beach   State: Horowhenua
Elevation: 28 ft  Lat: S 40° 41' 44"   Lon: E 175° 09' 41"

                  Temperature (°C), Rain (mm), Wind Speed (km/h)

                                      Heat  Cool        Avg
    Mean                              Deg   Deg         Wind                 Dom
Day Temp  High   Time   Low    Time   Days  Days  Rain  Speed High   Time    Dir
----------------------------------------------------------------------------------
01   9.4  15.2   13:53   2.3   00:07   8.9   0.0   0.0  11.5  43.0   22:14   WNW
02  13.3  15.0   11:43  11.3   04:24   5.0   0.0   0.8  23.4  76.0   11:53   WNW
03  13.8  16.0   13:33  11.9   08:48   4.5   0.0   3.2  17.9  50.0   02:20   WNW
04  12.6  16.5   14:36   9.6   23:53   5.7   0.0   0.0   4.8  18.0   00:14   NNE
05  11.5  14.1   11:52   8.6   03:23   6.8   0.0   0.2   5.8  24.0   19:18   NNE
06  12.8  14.9   11:48  10.3   06:27   5.5   0.0   6.2   9.8  29.0   14:07    NE
07  13.8  15.7   10:39  10.1   23:59   4.5   0.0  30.8  13.6  47.0   05:59   WNW
08  10.3  13.9   14:26   8.3   02:38   8.0   0.0   6.4   8.2  34.0   02:27   SSW
09  10.4  14.1   12:48   7.1   23:49   7.9   0.0   0.0   7.4  32.0   01:39   SSW
10   8.2  13.8   13:12   3.9   23:58  10.1   0.0   0.0   4.1  27.0   14:39   SSW
11   7.5  13.7   13:09   3.8   06:43  10.8   0.0   0.0   3.2  24.0   11:19     S
12   6.8  12.3   12:40   1.4   07:11  11.5   0.0   0.0   3.8  19.0   13:05   SSW
13   6.1  12.2   12:25   0.3   06:47  12.2   0.0   0.2   4.4  21.0   14:25    SW
----------------------------------------------------------------------------------
    10.5  16.5     4     0.3    13   101.4   0.0  47.8   9.1  76.0     2       W

Max >=  15.0  5
Max <=  10.0  0
Min <=   5.0  5
Min <=   0.0  0
Max Rain: 30.8 on day 7
Days of Rain: 3 (>= 5.0 mm)  1 (>= 10.0 mm)  1 (>= 15.0 mm)
Heat Base: 18.3  Cool Base: 18.3  Method: Integration